mon divisor of 153 and 99?
9
What is the greatest common divisor of 54 and 72?
18
Calculate the highest common divisor of 174 and 9686.
58
Calculate the highest common divisor of 529 and 23.
23
Calculate the greatest common divisor of 688 and 912.
16
What is the greatest common divisor of 15 and 35?
5
Calculate the highest common divisor of 46 and 437.
23
Calculate the greatest common divisor of 161 and 2.
1
Calculate the highest common divisor of 70 and 3045.
35
Calculate the highest common factor of 415 and 249.
83
Calculate the highest common divisor of 8113 and 133.
133
Calculate the highest common factor of 874 and 57.
19
What is the greatest common divisor of 392 and 490?
98
Calculate the highest common factor of 27 and 783.
27
What is the greatest common divisor of 52 and 780?
52
What is the highest common divisor of 13 and 18824?
13
What is the greatest common divisor of 9 and 9?
9
Calculate the highest common divisor of 319 and 6467.
29
What is the greatest common factor of 68 and 6154?
34
Calculate the greatest common divisor of 1804 and 110.
22
What is the highest common divisor of 63 and 9744?
21
Calculate the highest common factor of 88 and 33.
11
Calculate the greatest common factor of 18 and 36.
18
Calculate the greatest common factor of 38 and 6.
2
What is the highest common factor of 996 and 10?
2
What is the highest common factor of 58 and 7424?
58
Calculate the greatest common divisor of 8 and 848.
8
What is the highest common divisor of 296 and 37?
37
Calculate the greatest common factor of 869 and 2449.
79
Calculate the greatest common divisor of 9252 and 36.
36
Calculate the highest common factor of 11 and 26862.
11
What is the greatest common factor of 5 and 60?
5
What is the highest common divisor of 808 and 101?
101
What is the highest common factor of 9549 and 18?
9
Calculate the highest common factor of 18 and 117.
9
What is the highest common divisor of 70 and 10822?
14
Calculate the highest common divisor of 25 and 43825.
25
Calculate the highest common divisor of 5270 and 51.
17
Calculate the highest common factor of 80 and 280.
40
Calculate the greatest common divisor of 792 and 16.
8
What is the greatest common divisor of 825 and 300?
75
What is the greatest common factor of 297 and 66?
33
Calculate the greatest common divisor of 30 and 120.
30
Calculate the highest common divisor of 24 and 1524.
12
What is the greatest common factor of 228 and 513?
57
What is the highest common factor of 258 and 344?
86
Calculate the greatest common factor of 4179 and 567.
21
Calculate the greatest common factor of 39 and 3653.
13
What is the highest common factor of 72 and 2088?
72
Calculate the highest common divisor of 7 and 3584.
7
Calculate the greatest common factor of 650 and 5590.
130
What is the highest common factor of 222 and 407?
37
What is the highest common factor of 29 and 29?
29
Calculate the greatest common factor of 7 and 39242.
7
What is the greatest common factor of 28 and 2114?
14
Calculate the highest common factor of 532 and 760.
76
What is the greatest common factor of 87 and 7656?
87
Calculate the greatest common divisor of 76 and 9652.
76
What is the highest common divisor of 1870 and 55?
55
Calculate the greatest common divisor of 3410 and 11160.
310
What is the greatest common divisor of 2175 and 174?
87
What is the highest common factor of 132 and 44?
44
What is the highest common factor of 153 and 85?
17
What is the highest common divisor of 16200 and 180?
180
What is the highest common divisor of 39 and 4849?
13
Calculate the highest common factor of 88 and 836.
44
What is the greatest common factor of 1326 and 351?
39
What is the highest common factor of 351 and 675?
27
What is the greatest common factor of 567 and 189?
189
Calculate the highest common factor of 30 and 690.
30
Calculate the greatest common divisor of 1380 and 60.
60
Calculate the greatest common divisor of 144 and 468.
36
Calculate the greatest common divisor of 25 and 15225.
25
Calculate the greatest common factor of 24 and 776.
8
What is the greatest common divisor of 30 and 24?
6
Calculate the highest common divisor of 36 and 26766.
18
What is the highest common divisor of 72059 and 299?
299
Calculate the greatest common factor of 2624 and 4.
4
Calculate the greatest common factor of 13554 and 54.
54
What is the highest common divisor of 64 and 16224?
32
What is the highest common factor of 27 and 513?
27
Calculate the highest common divisor of 14 and 1953.
7
What is the greatest common factor of 588 and 420?
84
Calculate the greatest common divisor of 4 and 3844.
4
What is the highest common factor of 80 and 440?
40
What is the greatest common factor of 99 and 11?
11
Calculate the highest common factor of 270 and 120.
30
What is the greatest common divisor of 363 and 121?
121
Calculate the greatest common factor of 55 and 5.
5
Calculate the highest common factor of 3 and 22.
1
What is the greatest common divisor of 85 and 221?
17
What is the highest common factor of 11 and 1485?
11
Calculate the highest common factor of 2128 and 112.
112
What is the highest common factor of 110 and 594?
22
What is the highest common divisor of 737 and 67?
67
What is the highest common factor of 7096 and 48?
8
Calculate the highest common factor of 128 and 96.
32
What is the greatest common factor of 30 and 10?
10
What is the highest common divisor of 256 and 24?
8
What is the greatest common factor of 28410 and 10?
10
Calculate the greatest common divisor of 10 and 835.
5
Calculate the greatest common factor of 153 and 2397.
51
Calculate the highest common divisor of 336 and 63.
21
Calculate the greatest common factor of 50 and 60.
10
What is the highest common divisor of 296 and 11248?
296
Calculate the highest common divisor of 56 and 2044.
28
Calculate the greatest common divisor of 376 and 1598.
94
Calculate the highest common factor of 435 and 261.
87
What is the highest common divisor of 1080 and 144?
72
What is the highest common divisor of 33 and 231?
33
Calculate the greatest common divisor of 621 and 161.
23
Calculate the highest common divisor of 258 and 25026.
258
Calculate the highest common divisor of 273 and 21.
21
Calculate the greatest common factor of 29 and 6931.
29
What is the highest common factor of 144 and 63?
9
What is the greatest common factor of 3232 and 32?
32
Calculate the highest common factor of 330 and 121.
11
What is the greatest common factor of 88 and 451?
11
Calculate the highest common divisor of 2924 and 1118.
86
Calculate the highest common divisor of 28 and 826.
14
What is the greatest common divisor of 462 and 594?
66
Calculate the highest common factor of 507 and 117.
39
Calculate the greatest common divisor of 3953 and 134.
67
Calculate the greatest common divisor of 3708 and 2.
2
What is the highest common divisor of 384 and 21?
3
Calculate the greatest common divisor of 1344 and 84.
84
Calculate the highest common divisor of 156 and 228.
12
What is the highest common factor of 2256 and 48?
48
What is the highest common divisor of 18 and 6?
6
What is the highest common divisor of 48 and 156?
12
Calculate the greatest common divisor of 360 and 255.
15
Calculate the highest common factor of 321 and 9.
3
Calculate the greatest common divisor of 3029 and 13.
13
Calculate the highest common factor of 330 and 150.
30
What is the greatest common divisor of 3483 and 108?
27
Calculate the greatest common factor of 671 and 44.
11
What is the greatest common factor of 134 and 134?
134
What is the highest common factor of 62 and 1457?
31
Calculate the highest common divisor of 325 and 6305.
65
Calculate the highest common divisor of 71 and 71.
71
Calculate the highest common divisor of 2873 and 34.
17
Calculate the greatest common factor of 260 and 2808.
52
Calculate the highest common factor of 848 and 16.
16
What is the highest common divisor of 8 and 1772?
4
Calculate the greatest common divisor of 196 and 88.
4
What is the greatest common factor of 556 and 41978?
278
What is the highest common factor of 4118 and 29?
29
What is the greatest common divisor of 29 and 117189?
29
Calculate the highest common factor of 108 and 4.
4
Calculate the highest common divisor of 5 and 379.
1
Calculate the highest co